 39. Give u(8).
119
Let j(p) = 29*p**2 - 7441*p - 72632. Calculate j(266).
-14
Let k(c) = -9*c**3 - 397*c**2 - 14*c + 1195. What is k(-44)?
-125
Let j(r) = 1130*r**2 + 42942*r + 81. Give j(-38).
5
Let l(i) = 17544*i + 403509. Determine l(-23).
-3
Let z(y) = -5520*y + 292506. Give z(53).
-54
Let g(c) = 9044*c + 9062. Give g(-1).
18
Let o(c) = c**2 + 1764*c - 12351. Calculate o(7).
46
Let a(m) = 4104*m - 65429. What is a(16)?
235
Let v(m) = 12990*m + 116904. Give v(-9).
-6
Let g(q) = 1941*q + 163041. What is g(-84)?
-3
Let o(w) = -w**3 - 65*w**2 - 217*w - 2148. Calculate o(-62).
-226
Let t(d) = -2*d**3 - 176*d**2 + 384*d + 2218. Calculate t(-90).
58
Let a(h) = 2*h**2 + 389*h + 9106. What is a(-22)?
1516
Let p(l) = 5*l**2 + 330*l - 58. What is p(-63)?
-1003
Let q(i) = -2*i**3 + 10*i**2 + 151*i - 896. Determine q(-9).
13
Let t(m) = -50*m**2 - 2958*m + 2531. What is t(-60)?
11
Let u(a) = -16*a**2 + 2173*a - 8425. Give u(4).
11
Let m(p) = -8239*p + 2990748. Calculate m(363).
-9
Let j(m) = -4*m**2 + 202*m - 1890. What is j(35)?
280
Let m(i) = -i**3 - 10*i**2 + 88*i + 945. Determine m(-14).
497
Let p(t) = -1163*t - 17701. Determine p(-16).
907
Let u(a) = 3130*a - 579038. Determine u(185).
12
Let l(b) = -7*b**2 + 104*b - 550. Calculate l(8).
-166
Let d(f) = 29572*f + 206109. Give d(-7).
-895
Let v(f) = -2*f**3 + 417*f**2 + 3694*f - 1080. Determine v(217).
5
Let y(b) = -2*b**2 + 134*b - 393. Calculate y(55).
927
Let h(n) = 23119*n - 739805. Calculate h(32).
3
Let j(l) = -l**3 + 16*l**2 + 127*l - 2022. Calculate j(16).
10
Let w(r) = 39*r**2 + 10262*r + 10264. Give w(-1).
41
Let x(j) = -3*j**2 - 1774*j + 36845. Give x(20).
165
Let l(t) = -t**3 + 61*t**2 - 406*t - 203. Determine l(53).
751
Let q(t) = 26*t**2 + 7*t + 861. Give q(0).
861
Let o(x) = -28*x**2 - 1458*x - 20. What is o(-52)?
84
Let k(m) = -11*m**3 - 35*m**2 - 93*m + 44. Give k(-3).
305
Let u(g) = -227*g - 69200. Calculate u(-305).
35
Let u(z) = z**3 - 297*z**2 + 23*z - 6835. Determine u(297).
-4
Let n(r) = r**3 + 24*r**2 - 26*r + 758. Give n(-24).
1382
Let r(l) = -l**2 - 22936*l + 298482. Calculate r(13).
145
Let v(i) = -i**3 - 1883*i**2 + 6256*i + 1127832. Determine v(-1886).
4
Let g(j) = -104*j - 10133. Give g(-96).
-149
Let a(s) = 5251310*s - 21005245. What is a(4)?
-5
Let l(o) = -o**3 - 100*o**2 + 34*o + 1236. Determine l(-100).
-2164
Let i(u) = -4554*u + 54691. Calculate i(12).
43
Let o(k) = k**2 + 1546*k - 18716. Determine o(12).
-20
Let d(g) = 14*g**3 - 3107*g**2 - 222*g - 3. What is d(222)?
-3
Let l(i) = 2*i**3 - 275*i**2 - 1951*i + 496. Determine l(-7).
-8
Let d(i) = -1942*i**2 + 279651*i - 454. Calculate d(144).
-22
Let s(w) = w**2 + 27*w - 57. Determine s(-18).
-219
Let j(q) = -2773*q - 698783. Calculate j(-252).
13
Let m(q) = -2*q**3 + 144*q**2 - 45*q + 3220. Give m(72).
-20
Let p(q) = 21475*q - 6163325. What is p(287)?
0
Let u(x) = -2*x**2 + 541*x + 73930. Give u(370).
300
Let q(v) = -1011*v**2 - 33370*v - 200. Calculate q(-33).
31
Let t(g) = -g**3 + 33*g**2 + 26178*g - 813439. What is t(31)?
1
Let i(f) = -3*f**3 + 5*f**2 + 75. Determine i(-5).
575
Let o(q) = 7543*q + 30163. Calculate o(-4).
-9
Let t(a) = 4391*a - 21980. Determine t(4).
-4416
Let x(l) = -552*l - 1084. Calculate x(-2).
20
Let m(i) = -780*i + 2301. Determine m(3).
-39
Let f(b) = 2265*b - 6080. What is f(3)?
715
Let o(u) = 5*u**3 - 426*u**2 + 91*u - 512. Calculate o(85).
-2
Let m(r) = r**2 - 506*r - 17237. Calculate m(-32).
-21
Let p(y) = -y**2 + 287*y + 107421. Determine p(-214).
207
Let w(j) = 332191*j + 2325333. Give w(-7).
-4
Let t(k) = -k**2 - 597*k + 222781. What is t(260)?
-39
Let n(i) = -i**3 - 5*i**2 - 42*i - 1204. What is n(-11)?
-16
Let u(o) = o**3 + 106*o**2 + 12*o + 1037. Give u(-106).
-235
Let i(l) = 439*l + 1319. What is i(-2)?
441
Let r(z) = -3*z**3 + 41*z**2 + 99*z - 587. Determine r(15).
-2
Let g(x) = 5*x + 334. Give g(-34).
164
Let u(v) = -17*v**3 - 155*v**2 + 2*v + 193. Give u(-9).
13
Let w(n) = n**2 + 3217*n + 419394. Determine w(-136).
378
Let h(y) = 4*y**2 - 2477*y + 27077. Give h(11).
314
Let d(i) = -2*i**3 - 28*i**2 + 2113*i + 27805. Give d(-13).
-2
Let a(o) = -47*o**2 + 1414*o - 10594. Give a(16).
-2
Let h(f) = 11*f**3 + 1344*f**2 + 256*f + 99. What is h(-122)?
-1365
Let n(c) = -845*c**2 + 11818*c - 48. What is n(14)?
-216
Let u(f) = 3*f**2 + 574*f + 5442. What is u(-10)?
2
Let d(f) = -5562*f + 3164731. Determine d(569).
-47
Let z(t) = -1319*t + 60681. What is z(46)?
7
Let h(w) = 261*w**2 + 4154*w + 13. Give h(-16).
365
Let v(h) = -1008010*h - 84672841. Determine v(-84).
-1
Let p(r) = -2675*r + 147099. Calculate p(55).
-26
Let o(h) = -169942*h - 339914. Calculate o(-2).
-30
Let p(v) = 2*v**3 + 398*v**2 - 4101*v + 16475. Calculate p(-209).
-36
Let k(h) = 350*h**2 - 1094*h + 154. Determine k(3).
22
Let z(q) = 117*q**2 + 3888*q + 8095. What is z(-31)?
4
Let n(u) = 60771*u - 121580. What is n(2)?
-38
Let s(x) = 19*x**2 + 1601*x - 6413. Calculate s(4).
295
Let r(x) = 2077*x + 156308. What is r(-77)?
-3621
Let n(i) = 140*i + 1350. Calculate n(-11).
-190
Let f(v) = 307*v + 1121. Determine f(-5).
-414
Let y(n) = -n**3 - 46*n**2 + 104*n - 68. Calculate y(-49).
2039
Let u(o) = 50964*o + 917047. Calculate u(-18).
-305
Let h(s) = s**2 - 180*s - 10507. Give h(-70).
6993
Let s(m) = 6*m**3 - 462*m**2 + 1234*m + 7260. Calculate s(74).
8
Let f(g) = 18*g - 1573. Determine f(75).
-223
Let p(i) = 19900*i**2 - 59705*i + 28. Calculate p(3).
13
Let s(z) = -882565*z - 44128243. Calculate s(-50).
7
Let d(r) = 43071*r - 473778. What is d(11)?
3
Let g(d) = 161*d - 6113. What is g(41)?
488
Let a(n) = -201994*n + 2423764. Calculate a(12).
-164
Let q(n) = -21*n + 3507. Determine q(165).
42
Let l(x) = 2*x**3 - 89*x**2 + 895*x + 97. Give l(29).
-19
Let q(l) = -3140*l**2 - 9*l - 39. Calculate q(0).
-39
Let p(m) = m**3 - 376*m**2 - 1134*m + 1218. Give p(379).
2355
Let k(w) = -119957*w + 479834. Calculate k(4).
6
Let h(w) = -122626*w - 245173. Calculate h(-2).
79
Let b(r) = -6295*r - 472117. Determine b(-75).
8
Let g(q) = -q**3 + 249*q**2 + 1578*q - 12417. Determine g(255).
-177
Let i(q) = 727*q + 5178. Give i(-10).
-2092
Let b(z) = 196639*z - 10028571. What is b(51)?
18
Let g(q) = 4*q**3 + 3*q**2 + 13*q - 29. Determine g(2).
41
Let u(w) = -200*w**2 - 387*w + 9. Give u(-2).
-17
Let p(f) = -897*f + 78962. Calculate p(88).
26
Let b(f) = -34513*f + 206811. Calculate b(6).
-267
Let k(x) = 7*x**2 - 144*x - 1881. Calculate k(-10).
259
Let c(d) = 3*d**3 - 643*d**2 + 159*d + 11997. Calculate c(214).
227
Let q(t) = -24881*t + 99393. Calculate q(4).
-131
Let m(o) = -3*o**2 + 101*o - 397. Calculate m(22).
373
Let v(f) = 1561*f - 1680. Determine v(1).
-119
Let f(z) = -z**3 + 13*z**2 - 159*z + 1036. Give f(7).
217
Let f(g) = 51*g**2 - 44*g - 129. Give f(-3).
462
Let a(r) = -r**2 + 5243*r + 94685. Give a(-18).
-13
Let p(w) = -32*w**2 + 243*w + 3. Give p(7).
136
Let p(o) = -2*o**3 - 56*o**2 + 633*o - 484. Give p(-37).
737
Let h(a) = -1431*a + 416417. Calculate h(291).
-4
Let n(u) = 5097*u + 81556. Give n(-16).
4
Let m(t) = -2*t**2 - 136*t - 829. What is m(-7)?
25
Let f(y) = -y**2 + 11*y + 924. Give f(38).
-102
Let g(k) = -20*k**2 + 3428*k - 277. Give g(172).
-2341
Let f(l) = 22819*l + 68478. Give f(-3).
21
Let j(v) = 16*v**3 - 211*v**2 - 8834*v - 25. Give j(31).
6
Let h(m) = -26043*m - 46. Give h(0).
-46
Let k(r) = -4*r**2 - 41*r + 20136. Calculate k(66).
6
Let z(f) = f**3 - 976*f - 1937. Determine z(-2).
7
Let f(y) = 27355*y - 656429. Give f(24).
91
Let q(u) = 861221*u - 6889767. What is q(8)?
1
Let t(u) = -u**3 - 577*u**2 + 88573*u + 629. Determine t(126).
-1
Let i(l) = -41*l + 4448. Determine i(117).
-349
Let z(k) = 857*k + 3849. Give z(-4).
421
Let o(i) = 43680*i - 3538062. Give o(81).
18
Let h(i) = -i**2 - 227*i - 12939. Determine h(-86).
-813
Let n(b) = 50*b**2 - 279*b + 279. Give n(1).
50
Let v(y) = 140*y + 45320. What is v(-324)?
-40
Let s(d) = 7540*d + 1266715. Calculate s(-168).
-5
Let n(c) = -333*c - 27313. What is n(-82)?
-7
Let l(b) = 2*b**2 - 1176*b + 154570. Calculate l(390).
130
Let a(l) = 2*l**2 - 344*l + 8893. Give a(141).
151
Let z(h) = h**3 + 2038*h**2 + 46359*h - 57. Give z(-23).
-379
Let y(q) = -q**3 - 29*q**2 + 4811*q + 122746. What is y(-25)?
-29
Let s(m) = -3*m**3 - 19*m**2 + 53*m - 337. What is s(-13)?
2354
Let 